{"id":89,"date":"2022-11-10T19:22:47","date_gmt":"2022-11-10T18:22:47","guid":{"rendered":"https:\/\/acj-alsace.fr\/?page_id=89"},"modified":"2026-03-29T12:08:26","modified_gmt":"2026-03-29T10:08:26","slug":"le-conseil-dadministration","status":"publish","type":"page","link":"https:\/\/acj-alsace.fr\/index.php\/le-conseil-dadministration\/","title":{"rendered":"Le Conseil d&rsquo;Administration"},"content":{"rendered":"\n<figure class=\"wp-block-table alignleft is-style-regular\"><table><tbody><tr><td><br><img loading=\"lazy\" decoding=\"async\" width=\"150\" height=\"150\" class=\"wp-image-90\" style=\"width: 150px;\" src=\"https:\/\/acj-alsace.fr\/wp-content\/uploads\/2022\/11\/bschutz-1-150x150-1.jpg\" alt=\"\"><\/td><td class=\"has-text-align-center\" data-align=\"center\"><br><br><br>Bernard SCHUTZ<\/td><td><br><br><br>Pr\u00e9sident<\/td><td><br><br><a href=\"https:\/\/acj-alsace.fr\/index.php\/envoyer-un-message-a-bernard-schutz\/\" target=\"_blank\" rel=\"noreferrer noopener\"><img loading=\"lazy\" decoding=\"async\" width=\"75\" height=\"58\" class=\"wp-image-112\" style=\"width: 75px;\" src=\"https:\/\/acj-alsace.fr\/wp-content\/uploads\/2022\/11\/icone_msg_stylo_100.png\" alt=\"\"><\/a><\/td><\/tr><tr><td><br><img loading=\"lazy\" decoding=\"async\" width=\"150\" height=\"150\" class=\"wp-image-94\" style=\"width: 150px;\" src=\"https:\/\/acj-alsace.fr\/wp-content\/uploads\/2022\/11\/Jschaedler-150x150-1.jpg\" alt=\"\"><\/td><td class=\"has-text-align-center\" data-align=\"center\"><br><br><br>Josiane SCHEDLER<\/td><td><br><br><br>Vice-Pr\u00e9sidente<\/td><td><br><br><a href=\"https:\/\/acj-alsace.fr\/index.php\/envoyer-un-message-a-josiane-schaedler\/\" target=\"_blank\" rel=\"noreferrer noopener\"><img loading=\"lazy\" decoding=\"async\" width=\"75\" height=\"58\" class=\"wp-image-112\" style=\"width: 75px;\" src=\"https:\/\/acj-alsace.fr\/wp-content\/uploads\/2022\/11\/icone_msg_stylo_100.png\" alt=\"\"><\/a><\/td><\/tr><tr><td><br><img loading=\"lazy\" decoding=\"async\" width=\"150\" height=\"150\" class=\"wp-image-2349\" style=\"width: 150px;\" src=\"https:\/\/acj-alsace.fr\/wp-content\/uploads\/2026\/03\/Margot_WOLF_M.jpg\" alt=\"\"><\/td><td class=\"has-text-align-center\" data-align=\"center\"><br><br><br>Margot WOLF<\/td><td><br><br><br>Secr\u00e9taire<\/td><td><br><br><a href=\"https:\/\/acj-alsace.fr\/index.php\/envoyer-un-message-a-margot-wolf\/\" target=\"_blank\" rel=\"noreferrer noopener\"><img loading=\"lazy\" decoding=\"async\" width=\"75\" height=\"58\" class=\"wp-image-112\" style=\"width: 75px;\" src=\"https:\/\/acj-alsace.fr\/wp-content\/uploads\/2022\/11\/icone_msg_stylo_100.png\" alt=\"\"><\/a><\/td><\/tr><tr><td><br><img loading=\"lazy\" decoding=\"async\" width=\"150\" height=\"150\" class=\"wp-image-2347\" style=\"width: 150px;\" src=\"https:\/\/acj-alsace.fr\/wp-content\/uploads\/2026\/03\/Florencer_BEDEZ_M.jpg\" alt=\"\"><\/td><td class=\"has-text-align-center\" data-align=\"center\"><br><br><br>Florence BEDEZ<\/td><td><br><br><br>Tr\u00e9sori\u00e8re<\/td><td><br><br><a href=\"https:\/\/acj-alsace.fr\/index.php\/envoyer-un-message-a-florence-bedez\/\" target=\"_blank\" rel=\"noreferrer noopener\"><img loading=\"lazy\" decoding=\"async\" width=\"75\" height=\"58\" class=\"wp-image-112\" style=\"width: 75px;\" src=\"https:\/\/acj-alsace.fr\/wp-content\/uploads\/2022\/11\/icone_msg_stylo_100.png\" alt=\"\"><\/a><\/td><\/tr><tr><td><br><img loading=\"lazy\" decoding=\"async\" width=\"150\" height=\"150\" class=\"wp-image-1147\" style=\"width: 150px;\" src=\"https:\/\/acj-alsace.fr\/wp-content\/uploads\/2024\/04\/Fabienne_Nicoli_150x150.jpg\" alt=\"\"><\/td><td class=\"has-text-align-center\" data-align=\"center\"><br><br><br>Fabienne NICOLI<\/td><td><br><br><br>Assesseur<\/td><td><br><br><a href=\"https:\/\/acj-alsace.fr\/index.php\/envoyer-un-message-a-fabienne-nicoli\/\" target=\"_blank\" rel=\"noreferrer noopener\"><img loading=\"lazy\" decoding=\"async\" width=\"75\" height=\"58\" class=\"wp-image-112\" style=\"width: 75px;\" src=\"https:\/\/acj-alsace.fr\/wp-content\/uploads\/2022\/11\/icone_msg_stylo_100.png\" alt=\"\"><br><\/a><br><a href=\"https:\/\/acj-alsace.fr\/index.php\/envoyer-un-message-a-francis-wolf\/\" target=\"_blank\" rel=\"noreferrer noopener\"><\/a><\/td><\/tr><tr><td><br><img loading=\"lazy\" decoding=\"async\" width=\"150\" height=\"150\" class=\"wp-image-2352\" style=\"width: 150px;\" src=\"https:\/\/acj-alsace.fr\/wp-content\/uploads\/2026\/03\/Patrick_Princet.jpg\" alt=\"\"><\/td><td class=\"has-text-align-center\" data-align=\"center\"><br><br><br>Patrick PRINCET<\/td><td><br><br><br>Assesseur<\/td><td><br><br><a href=\"https:\/\/acj-alsace.fr\/index.php\/envoyer-un-message-a-patrick-princet\/\" target=\"_blank\" rel=\"noreferrer noopener\"><img loading=\"lazy\" decoding=\"async\" width=\"75\" height=\"58\" class=\"wp-image-112\" style=\"width: 75px;\" src=\"https:\/\/acj-alsace.fr\/wp-content\/uploads\/2022\/11\/icone_msg_stylo_100.png\" alt=\"\"><\/a><\/td><\/tr><tr><td><br><img loading=\"lazy\" decoding=\"async\" width=\"150\" height=\"150\" class=\"wp-image-98\" style=\"width: 150px;\" src=\"https:\/\/acj-alsace.fr\/wp-content\/uploads\/2022\/11\/mtrepier-150x150-1.jpg\" alt=\"\"><\/td><td class=\"has-text-align-center\" data-align=\"center\"><br><br><br>Monique TREPIER<\/td><td><br><br><br>Assesseur<\/td><td><br><br><a href=\"https:\/\/acj-alsace.fr\/index.php\/envoyer-un-message-a-monique-trepier\/\" target=\"_blank\" rel=\"noreferrer noopener\"><img loading=\"lazy\" decoding=\"async\" width=\"75\" height=\"58\" class=\"wp-image-112\" style=\"width: 75px;\" src=\"https:\/\/acj-alsace.fr\/wp-content\/uploads\/2022\/11\/icone_msg_stylo_100.png\" alt=\"\"><\/a><\/td><\/tr><tr><td><br><img loading=\"lazy\" decoding=\"async\" width=\"150\" height=\"150\" class=\"wp-image-2350\" style=\"width: 150px;\" src=\"https:\/\/acj-alsace.fr\/wp-content\/uploads\/2026\/03\/Francois_Wagner_O.jpg\" alt=\"\"><\/td><td class=\"has-text-align-center\" data-align=\"center\"><br><br><br>Fran\u00e7ois WAGNER<\/td><td><br><br><br>Assesseur<\/td><td><br><br><a href=\"https:\/\/acj-alsace.fr\/index.php\/envoyer-un-message-a-francois-wagner\/\" target=\"_blank\" rel=\"noreferrer noopener\"><img loading=\"lazy\" decoding=\"async\" width=\"75\" height=\"58\" class=\"wp-image-112\" style=\"width: 75px;\" src=\"https:\/\/acj-alsace.fr\/wp-content\/uploads\/2022\/11\/icone_msg_stylo_100.png\" alt=\"\"><\/a><\/td><\/tr><\/tbody><\/table><\/figure>\n","protected":false},"excerpt":{"rendered":"<p>Bernard SCHUTZ Pr\u00e9sident Josiane SCHEDLER Vice-Pr\u00e9sidente Margot WOLF Secr\u00e9taire Florence BEDEZ Tr\u00e9sori\u00e8re Fabienne NICOLI Assesseur Patrick PRINCET Assesseur Monique TREPIER Assesseur Fran\u00e7ois WAGNER Assesseur<\/p>\n","protected":false},"author":1,"featured_media":0,"parent":0,"menu_order":0,"comment_status":"closed","ping_status":"closed","template":"","meta":{"_acf_changed":false,"_mc_calendar":[],"footnotes":""},"class_list":["post-89","page","type-page","status-publish","hentry"],"acf":[],"_links":{"self":[{"href":"https:\/\/acj-alsace.fr\/index.php\/wp-json\/wp\/v2\/pages\/89","targetHints":{"allow":["GET"]}}],"collection":[{"href":"https:\/\/acj-alsace.fr\/index.php\/wp-json\/wp\/v2\/pages"}],"about":[{"href":"https:\/\/acj-alsace.fr\/index.php\/wp-json\/wp\/v2\/types\/page"}],"author":[{"embeddable":true,"href":"https:\/\/acj-alsace.fr\/index.php\/wp-json\/wp\/v2\/users\/1"}],"replies":[{"embeddable":true,"href":"https:\/\/acj-alsace.fr\/index.php\/wp-json\/wp\/v2\/comments?post=89"}],"version-history":[{"count":20,"href":"https:\/\/acj-alsace.fr\/index.php\/wp-json\/wp\/v2\/pages\/89\/revisions"}],"predecessor-version":[{"id":2368,"href":"https:\/\/acj-alsace.fr\/index.php\/wp-json\/wp\/v2\/pages\/89\/revisions\/2368"}],"wp:attachment":[{"href":"https:\/\/acj-alsace.fr\/index.php\/wp-json\/wp\/v2\/media?parent=89"}],"curies":[{"name":"wp","href":"https:\/\/api.w.org\/{rel}","templated":true}]}}