{"id":199,"date":"2022-11-11T03:28:15","date_gmt":"2022-11-11T02:28:15","guid":{"rendered":"https:\/\/acj-alsace.fr\/?page_id=199"},"modified":"2024-11-23T16:00:55","modified_gmt":"2024-11-23T15:00:55","slug":"qui-sommes-nous","status":"publish","type":"page","link":"https:\/\/acj-alsace.fr\/index.php\/qui-sommes-nous\/","title":{"rendered":"Qui Sommes nous ?"},"content":{"rendered":"\n<p><a href=\"https:\/\/www.choralies.org\/\" target=\"_blank\" rel=\"noreferrer noopener\"><img loading=\"lazy\" decoding=\"async\" width=\"150\" height=\"65\" class=\"wp-image-30\" style=\"width: 150px;\" src=\"https:\/\/acj-alsace.fr\/wp-content\/uploads\/2022\/11\/LOGO-ACJ-Territoire_Alsace_sans_Texte_350x151.png\" alt=\"\" srcset=\"https:\/\/acj-alsace.fr\/wp-content\/uploads\/2022\/11\/LOGO-ACJ-Territoire_Alsace_sans_Texte_350x151.png 350w, https:\/\/acj-alsace.fr\/wp-content\/uploads\/2022\/11\/LOGO-ACJ-Territoire_Alsace_sans_Texte_350x151-300x129.png 300w\" sizes=\"auto, (max-width: 150px) 100vw, 150px\" \/><\/a><\/p>\n\n\n\n<p>Appartenant au mouvement \u201cA C\u0153ur Joie\u201d, nous regroupons les Chorales et ensembles vocaux adh\u00e9rents \u00e0 cette structure sur la r\u00e9gion Alsace.<br>Notre vocation est de promouvoir le chant choral, v\u00e9ritable activit\u00e9 centr\u00e9e sur le plaisir de chanter qui s\u2019amplifie et se conjugue merveilleusement au pluriel dans un ch\u0153ur.<\/p>\n\n\n\n<p>Nous fonctionnons sur la base d\u2019une association de b\u00e9n\u00e9voles \u00e0 but non lucratif.<br>Nous v\u00e9hiculons \u00e0 travers ce mouvement toutes les valeurs de partage, d\u2019entraide ainsi que les vertus m\u00e9lodieuses que le chant peut apporter aussi bien aux chanteurs qu\u2019aux auditeurs.<\/p>\n\n\n\n<p>Nous nous appuyons sur une \u00e9quipe professionnelle qui coordonne au niveau national des activit\u00e9s (festivals, congr\u00e8s, formations, stages, publications, etc.) qui contribuent au d\u00e9veloppement et \u00e0 la promotion du chant collectif.<\/p>\n","protected":false},"excerpt":{"rendered":"<p>Appartenant au mouvement \u201cA C\u0153ur Joie\u201d, nous regroupons les Chorales et ensembles vocaux adh\u00e9rents \u00e0 cette structure sur la r\u00e9gion Alsace.Notre vocation est de promouvoir le chant choral, v\u00e9ritable activit\u00e9 centr\u00e9e sur le plaisir de chanter qui s\u2019amplifie et se <a class=\"more-link\" href=\"https:\/\/acj-alsace.fr\/index.php\/qui-sommes-nous\/\">Continuer la lecture <span class=\"screen-reader-text\">  Qui Sommes nous ?<\/span><span class=\"meta-nav\">&rarr;<\/span><\/a><\/p>\n","protected":false},"author":1,"featured_media":0,"parent":0,"menu_order":0,"comment_status":"closed","ping_status":"closed","template":"","meta":{"_acf_changed":false,"_mc_calendar":[],"footnotes":""},"class_list":["post-199","page","type-page","status-publish","hentry"],"acf":[],"_links":{"self":[{"href":"https:\/\/acj-alsace.fr\/index.php\/wp-json\/wp\/v2\/pages\/199","targetHints":{"allow":["GET"]}}],"collection":[{"href":"https:\/\/acj-alsace.fr\/index.php\/wp-json\/wp\/v2\/pages"}],"about":[{"href":"https:\/\/acj-alsace.fr\/index.php\/wp-json\/wp\/v2\/types\/page"}],"author":[{"embeddable":true,"href":"https:\/\/acj-alsace.fr\/index.php\/wp-json\/wp\/v2\/users\/1"}],"replies":[{"embeddable":true,"href":"https:\/\/acj-alsace.fr\/index.php\/wp-json\/wp\/v2\/comments?post=199"}],"version-history":[{"count":7,"href":"https:\/\/acj-alsace.fr\/index.php\/wp-json\/wp\/v2\/pages\/199\/revisions"}],"predecessor-version":[{"id":1541,"href":"https:\/\/acj-alsace.fr\/index.php\/wp-json\/wp\/v2\/pages\/199\/revisions\/1541"}],"wp:attachment":[{"href":"https:\/\/acj-alsace.fr\/index.php\/wp-json\/wp\/v2\/media?parent=199"}],"curies":[{"name":"wp","href":"https:\/\/api.w.org\/{rel}","templated":true}]}}

<p><a href="https://www.choralies.org/" target="_blank" rel="noreferrer noopener"><img loading="lazy" decoding="async" width="150" height="65" class="wp-image-30" style="width: 150px;" src="https://acj-alsace.fr/wp-content/uploads/2022/11/LOGO-ACJ-Territoire_Alsace_sans_Texte_350x151.png" alt="" srcset="https://acj-alsace.fr/wp-content/uploads/2022/11/LOGO-ACJ-Territoire_Alsace_sans_Texte_350x151.png 350w, https://acj-alsace.fr/wp-content/uploads/2022/11/LOGO-ACJ-Territoire_Alsace_sans_Texte_350x151-300x129.png 300w" sizes="auto, (max-width: 150px) 100vw, 150px" /></a></p>



<p>Appartenant au mouvement “A Cœur Joie”, nous regroupons les Chorales et ensembles vocaux adhérents à cette structure sur la région Alsace.<br>Notre vocation est de promouvoir le chant choral, véritable activité centrée sur le plaisir de chanter qui s’amplifie et se conjugue merveilleusement au pluriel dans un chœur.</p>



<p>Nous fonctionnons sur la base d’une association de bénévoles à but non lucratif.<br>Nous véhiculons à travers ce mouvement toutes les valeurs de partage, d’entraide ainsi que les vertus mélodieuses que le chant peut apporter aussi bien aux chanteurs qu’aux auditeurs.</p>



<p>Nous nous appuyons sur une équipe professionnelle qui coordonne au niveau national des activités (festivals, congrès, formations, stages, publications, etc.) qui contribuent au développement et à la promotion du chant collectif.</p>

<p>Appartenant au mouvement “A Cœur Joie”, nous regroupons les Chorales et ensembles vocaux adhérents à cette structure sur la région Alsace.Notre vocation est de promouvoir le chant choral, véritable activité centrée sur le plaisir de chanter qui s’amplifie et se <a class="more-link" href="https://acj-alsace.fr/index.php/qui-sommes-nous/">Continuer la lecture <span class="screen-reader-text">  Qui Sommes nous ?</span><span class="meta-nav">&rarr;</span></a></p>
