{"id":1897,"date":"2025-09-10T10:04:48","date_gmt":"2025-09-10T08:04:48","guid":{"rendered":"https:\/\/acj-alsace.fr\/?page_id=1897"},"modified":"2025-09-19T12:50:26","modified_gmt":"2025-09-19T10:50:26","slug":"portrait-de-aude-freyburger","status":"publish","type":"page","link":"https:\/\/acj-alsace.fr\/index.php\/portrait-de-aude-freyburger\/","title":{"rendered":"Portrait de Aude Freyburger"},"content":{"rendered":"\n<p>A la fois au four et au moulin, autant derri\u00e8re la baguette de chef que devant, elle d\u00e9cline le \u00ab chanter ensemble \u00bb \u00e0 toutes les saveurs.<\/p>\n\n\n\n<figure data-wp-context=\"{&quot;imageId&quot;:&quot;69f2a26d1f13a&quot;}\" data-wp-interactive=\"core\/image\" data-wp-key=\"69f2a26d1f13a\" class=\"wp-block-image size-thumbnail wp-lightbox-container\"><img loading=\"lazy\" decoding=\"async\" width=\"150\" height=\"150\" data-wp-class--hide=\"state.isContentHidden\" data-wp-class--show=\"state.isContentVisible\" data-wp-init=\"callbacks.setButtonStyles\" data-wp-on--click=\"actions.showLightbox\" data-wp-on--load=\"callbacks.setButtonStyles\" data-wp-on-window--resize=\"callbacks.setButtonStyles\" src=\"https:\/\/acj-alsace.fr\/wp-content\/uploads\/2025\/09\/Couleurs-40-150x150.jpg\" alt=\"\" class=\"wp-image-1893\"\/><button\n\t\t\tclass=\"lightbox-trigger\"\n\t\t\ttype=\"button\"\n\t\t\taria-haspopup=\"dialog\"\n\t\t\taria-label=\"Agrandir\"\n\t\t\tdata-wp-init=\"callbacks.initTriggerButton\"\n\t\t\tdata-wp-on--click=\"actions.showLightbox\"\n\t\t\tdata-wp-style--right=\"state.imageButtonRight\"\n\t\t\tdata-wp-style--top=\"state.imageButtonTop\"\n\t\t>\n\t\t\t<svg xmlns=\"http:\/\/www.w3.org\/2000\/svg\" width=\"12\" height=\"12\" fill=\"none\" viewBox=\"0 0 12 12\">\n\t\t\t\t<path fill=\"#fff\" d=\"M2 0a2 2 0 0 0-2 2v2h1.5V2a.5.5 0 0 1 .5-.5h2V0H2Zm2 10.5H2a.5.5 0 0 1-.5-.5V8H0v2a2 2 0 0 0 2 2h2v-1.5ZM8 12v-1.5h2a.5.5 0 0 0 .5-.5V8H12v2a2 2 0 0 1-2 2H8Zm2-12a2 2 0 0 1 2 2v2h-1.5V2a.5.5 0 0 0-.5-.5H8V0h2Z\" \/>\n\t\t\t<\/svg>\n\t\t<\/button><\/figure>\n\n\n\n<h5 class=\"wp-block-heading\">Une cheffe chanteuse,<\/h5>\n\n\n\n<p>Dans la lign\u00e9e de ses \u00e9tudes, Aude s\u2019\u00e9panouit en tant que chanteuse professionnelle dans des ensembles tels que <a href=\"https:\/\/lacetra.ch\/en\/\" target=\"_blank\" rel=\"noreferrer noopener\">La Cetra<\/a> le <a href=\"https:\/\/www.schweizervokalconsort.ch\/\" target=\"_blank\" rel=\"noreferrer noopener\">Schweizer Vokalconsort<\/a>, <a href=\"https:\/\/www.basler-madrigalisten.ch\/\" target=\"_blank\" rel=\"noreferrer noopener\">Basler Madrigalisten<\/a>, <a href=\"https:\/\/www.larynx-basel.ch\/\" target=\"_blank\" rel=\"noreferrer noopener\">Larynx<\/a>\u2026<\/p>\n\n\n\n<p>La soprano explore d\u2019autres type des musique et s\u2019est produite dans de plus petits ensembles vocaux notamment avec le quatuor a capella suisse \u00ab <a href=\"https:\/\/de.wikipedia.org\/wiki\/Dezibelles\" target=\"_blank\" rel=\"noreferrer noopener\">Dezibelles<\/a> \u00bb Folk\/pop\/close harmony aur\u00e9ol\u00e9 du premier prix \u00ab Solala Contest 2022 \u00bb et du prix du public \u00ab A capella Award Ulm 2022 \u00bb de 2021 \u00e0 2023 et dans un trio f\u00e9minin \u00ab Nanana \u00bb au influences jazz\/pop<\/p>\n\n\n\n<h5 class=\"wp-block-heading\">Une chanteuse cheffe\u2026<\/h5>\n\n\n\n<p>De sa baguette, elle a guid\u00e9 entre 2007 et 2012 les choeurs mixtes de la CCi de Strasbourg, \u00ab Les vergers \u00bb de Illkirch, \u00ab la Ritournelle \u00bb de Schiltigheim.<br>Elle reprend la direction du choeur des hommes Concordia \u00e0 H\u00e9singue de 2021-2024<\/p>\n\n\n\n<p>Depuis 2016 elle est cheffe de choeur et professeur de chant de l\u2019<a href=\"https:\/\/www.lacometehesingue.fr\/activites\/ecole-de-comedie-musicale\" target=\"_blank\" rel=\"noreferrer noopener\">\u00e9cole de com\u00e9die musicale \u00e0 H\u00e9singue<\/a>. Avec ses coll\u00e8gues, elle entraine 60 jeunes (de 8 \u00e0 18 ans) et cr\u00e9\u00e9   plusieurs spectacles par an.<br>En 2023, la troupe des Z\u2019\u00e9toiles gagne la 1e place au tremplin des jeunes talents du Lions Club de St Louis en effectuant un show chant\u00e9 et dans\u00e9 sans direction.<\/p>\n\n\n\n<h5 class=\"wp-block-heading\">\u2026 Qui compose !<\/h5>\n\n\n\n<p>Aude est une interpr\u00e8te musicale, mais aime composer des titres pour des spectacles de com\u00e9die musicale entre autres ( \u00ab Mont Tr\u00e9sor \u00bb 2018, \u00ab Chuut! \u00bb 2020 et \u00ab 2.0 \u00bb en 2025)<br>Elle aime aussi que les gens puissent se d\u00e9couvrir \u00e0 travers leur propre cr\u00e9ativit\u00e9 musicale.<br>Depuis 2018, elle aide de nombreuses personnes, dont beaucoup d\u2019enfants \u00e0 composer des chansons dans des ateliers vocaux-cr\u00e9atifs.<\/p>\n\n\n\n<ul class=\"wp-block-list\">\n<li>Dans ses classes de chants (Sausheim, Sierentz et H\u00e9singue)<\/li>\n\n\n\n<li>Conseil des jeunes de Mulhouse (2021)<\/li>\n\n\n\n<li>Conservatoire de St Louis (2021)<\/li>\n<\/ul>\n\n\n\n<p>Actuellement, elle enseigne le chant en priv\u00e9 et au Triangle de Huningue. Elle propose des masterclasses en Suisse ou en Alsace et des journ\u00e9es chantantes.<\/p>\n\n\n\n<p>Aude a trouv\u00e9 sa recette du plaisir musical pour les petits et les grands.<\/p>\n\n\n\n<pre class=\"wp-block-preformatted\"><strong>Dipl\u00f4mes<\/strong><br><br>- Licence de musicologie en 2008 \u00e0 l\u2019universit\u00e9 de Strasbourg<br>- DEM direction de choeur 2011 au conservatoire de Strasbourg<br>- DE au Cefedem de Metz en 2013<br>- Un master de performance en chant classique en 2016<br>- Master de p\u00e9dagogie du chant en 2018<\/pre>\n\n\n\n<p><\/p>\n","protected":false},"excerpt":{"rendered":"<p>A la fois au four et au moulin, autant derri\u00e8re la baguette de chef que devant, elle d\u00e9cline le \u00ab chanter ensemble \u00bb \u00e0 toutes les saveurs. Une cheffe chanteuse, Dans la lign\u00e9e de ses \u00e9tudes, Aude s\u2019\u00e9panouit en tant <a class=\"more-link\" href=\"https:\/\/acj-alsace.fr\/index.php\/portrait-de-aude-freyburger\/\">Continuer la lecture <span class=\"screen-reader-text\">  Portrait de Aude Freyburger<\/span><span class=\"meta-nav\">&rarr;<\/span><\/a><\/p>\n","protected":false},"author":1,"featured_media":0,"parent":0,"menu_order":0,"comment_status":"closed","ping_status":"closed","template":"","meta":{"_acf_changed":false,"_mc_calendar":[],"footnotes":""},"class_list":["post-1897","page","type-page","status-publish","hentry"],"acf":[],"_links":{"self":[{"href":"https:\/\/acj-alsace.fr\/index.php\/wp-json\/wp\/v2\/pages\/1897","targetHints":{"allow":["GET"]}}],"collection":[{"href":"https:\/\/acj-alsace.fr\/index.php\/wp-json\/wp\/v2\/pages"}],"about":[{"href":"https:\/\/acj-alsace.fr\/index.php\/wp-json\/wp\/v2\/types\/page"}],"author":[{"embeddable":true,"href":"https:\/\/acj-alsace.fr\/index.php\/wp-json\/wp\/v2\/users\/1"}],"replies":[{"embeddable":true,"href":"https:\/\/acj-alsace.fr\/index.php\/wp-json\/wp\/v2\/comments?post=1897"}],"version-history":[{"count":3,"href":"https:\/\/acj-alsace.fr\/index.php\/wp-json\/wp\/v2\/pages\/1897\/revisions"}],"predecessor-version":[{"id":1979,"href":"https:\/\/acj-alsace.fr\/index.php\/wp-json\/wp\/v2\/pages\/1897\/revisions\/1979"}],"wp:attachment":[{"href":"https:\/\/acj-alsace.fr\/index.php\/wp-json\/wp\/v2\/media?parent=1897"}],"curies":[{"name":"wp","href":"https:\/\/api.w.org\/{rel}","templated":true}]}}

<p>A la fois au four et au moulin, autant derrière la baguette de chef que devant, elle décline le « chanter ensemble » à toutes les saveurs.</p>



<figure data-wp-context="{&quot;imageId&quot;:&quot;69f2a26d1f13a&quot;}" data-wp-interactive="core/image" data-wp-key="69f2a26d1f13a" class="wp-block-image size-thumbnail wp-lightbox-container"><img loading="lazy" decoding="async" width="150" height="150" data-wp-class--hide="state.isContentHidden" data-wp-class--show="state.isContentVisible" data-wp-init="callbacks.setButtonStyles" data-wp-on--click="actions.showLightbox" data-wp-on--load="callbacks.setButtonStyles" data-wp-on-window--resize="callbacks.setButtonStyles" src="https://acj-alsace.fr/wp-content/uploads/2025/09/Couleurs-40-150x150.jpg" alt="" class="wp-image-1893"/><button
			class="lightbox-trigger"
			type="button"
			aria-haspopup="dialog"
			aria-label="Agrandir"
			data-wp-init="callbacks.initTriggerButton"
			data-wp-on--click="actions.showLightbox"
			data-wp-style--right="state.imageButtonRight"
			data-wp-style--top="state.imageButtonTop"
		>
			<svg xmlns="http://www.w3.org/2000/svg" width="12" height="12" fill="none" viewBox="0 0 12 12">
				<path fill="#fff" d="M2 0a2 2 0 0 0-2 2v2h1.5V2a.5.5 0 0 1 .5-.5h2V0H2Zm2 10.5H2a.5.5 0 0 1-.5-.5V8H0v2a2 2 0 0 0 2 2h2v-1.5ZM8 12v-1.5h2a.5.5 0 0 0 .5-.5V8H12v2a2 2 0 0 1-2 2H8Zm2-12a2 2 0 0 1 2 2v2h-1.5V2a.5.5 0 0 0-.5-.5H8V0h2Z" />
			</svg>
		</button></figure>



<h5 class="wp-block-heading">Une cheffe chanteuse,</h5>



<p>Dans la lignée de ses études, Aude s’épanouit en tant que chanteuse professionnelle dans des ensembles tels que <a href="https://lacetra.ch/en/" target="_blank" rel="noreferrer noopener">La Cetra</a> le <a href="https://www.schweizervokalconsort.ch/" target="_blank" rel="noreferrer noopener">Schweizer Vokalconsort</a>, <a href="https://www.basler-madrigalisten.ch/" target="_blank" rel="noreferrer noopener">Basler Madrigalisten</a>, <a href="https://www.larynx-basel.ch/" target="_blank" rel="noreferrer noopener">Larynx</a>…</p>



<p>La soprano explore d’autres type des musique et s’est produite dans de plus petits ensembles vocaux notamment avec le quatuor a capella suisse « <a href="https://de.wikipedia.org/wiki/Dezibelles" target="_blank" rel="noreferrer noopener">Dezibelles</a> » Folk/pop/close harmony auréolé du premier prix « Solala Contest 2022 » et du prix du public « A capella Award Ulm 2022 » de 2021 à 2023 et dans un trio féminin « Nanana » au influences jazz/pop</p>



<h5 class="wp-block-heading">Une chanteuse cheffe…</h5>



<p>De sa baguette, elle a guidé entre 2007 et 2012 les choeurs mixtes de la CCi de Strasbourg, « Les vergers » de Illkirch, « la Ritournelle » de Schiltigheim.<br>Elle reprend la direction du choeur des hommes Concordia à Hésingue de 2021-2024</p>



<p>Depuis 2016 elle est cheffe de choeur et professeur de chant de l’<a href="https://www.lacometehesingue.fr/activites/ecole-de-comedie-musicale" target="_blank" rel="noreferrer noopener">école de comédie musicale à Hésingue</a>. Avec ses collègues, elle entraine 60 jeunes (de 8 à 18 ans) et créé   plusieurs spectacles par an.<br>En 2023, la troupe des Z’étoiles gagne la 1e place au tremplin des jeunes talents du Lions Club de St Louis en effectuant un show chanté et dansé sans direction.</p>



<h5 class="wp-block-heading">… Qui compose !</h5>



<p>Aude est une interprète musicale, mais aime composer des titres pour des spectacles de comédie musicale entre autres ( « Mont Trésor » 2018, « Chuut! » 2020 et « 2.0 » en 2025)<br>Elle aime aussi que les gens puissent se découvrir à travers leur propre créativité musicale.<br>Depuis 2018, elle aide de nombreuses personnes, dont beaucoup d’enfants à composer des chansons dans des ateliers vocaux-créatifs.</p>



<ul class="wp-block-list">
<li>Dans ses classes de chants (Sausheim, Sierentz et Hésingue)</li>



<li>Conseil des jeunes de Mulhouse (2021)</li>



<li>Conservatoire de St Louis (2021)</li>
</ul>



<p>Actuellement, elle enseigne le chant en privé et au Triangle de Huningue. Elle propose des masterclasses en Suisse ou en Alsace et des journées chantantes.</p>



<p>Aude a trouvé sa recette du plaisir musical pour les petits et les grands.</p>



<pre class="wp-block-preformatted"><strong>Diplômes</strong><br><br>- Licence de musicologie en 2008 à l’université de Strasbourg<br>- DEM direction de choeur 2011 au conservatoire de Strasbourg<br>- DE au Cefedem de Metz en 2013<br>- Un master de performance en chant classique en 2016<br>- Master de pédagogie du chant en 2018</pre>



<p></p>

<p>A la fois au four et au moulin, autant derrière la baguette de chef que devant, elle décline le « chanter ensemble » à toutes les saveurs. Une cheffe chanteuse, Dans la lignée de ses études, Aude s’épanouit en tant <a class="more-link" href="https://acj-alsace.fr/index.php/portrait-de-aude-freyburger/">Continuer la lecture <span class="screen-reader-text">  Portrait de Aude Freyburger</span><span class="meta-nav">&rarr;</span></a></p>
