{"id":1886,"date":"2025-09-10T09:47:02","date_gmt":"2025-09-10T07:47:02","guid":{"rendered":"https:\/\/acj-alsace.fr\/?page_id=1886"},"modified":"2025-09-10T12:09:17","modified_gmt":"2025-09-10T10:09:17","slug":"journees-chantantes-11-et-12-octobre-2025","status":"publish","type":"page","link":"https:\/\/acj-alsace.fr\/index.php\/journees-chantantes-11-et-12-octobre-2025\/","title":{"rendered":"Journ\u00e9es Chantantes 11 et  12 octobre 2025"},"content":{"rendered":"\n<figure class=\"wp-block-image size-medium\"><a href=\"https:\/\/acj-alsace.fr\/wp-content\/uploads\/2025\/09\/Affiche_journees_chantantes.pdf\" target=\"_blank\" rel=\" noreferrer noopener\"><img loading=\"lazy\" decoding=\"async\" width=\"212\" height=\"300\" src=\"https:\/\/acj-alsace.fr\/wp-content\/uploads\/2025\/09\/Affiche_journees_chantantes-3-212x300.jpg\" alt=\"\" class=\"wp-image-1892\" srcset=\"https:\/\/acj-alsace.fr\/wp-content\/uploads\/2025\/09\/Affiche_journees_chantantes-3-212x300.jpg 212w, https:\/\/acj-alsace.fr\/wp-content\/uploads\/2025\/09\/Affiche_journees_chantantes-3-353x500.jpg 353w, https:\/\/acj-alsace.fr\/wp-content\/uploads\/2025\/09\/Affiche_journees_chantantes-3.jpg 600w\" sizes=\"auto, (max-width: 212px) 100vw, 212px\" \/><\/a><\/figure>\n\n\n\n<p>Le P\u00f4le A Coeur Joie Alsace vous propose durant un week end, de partager une activit\u00e9 de chant choral, de la r\u00e9p\u00e9tition jusqu&rsquo;au concert.<\/p>\n\n\n\n<p>Que vous soyez choriste confirm\u00e9 ou que vous n\u2019ayez<strong> <\/strong>jamais os\u00e9 chanter ailleurs que sous la douche, ce week-end est fait pour vous !<br>Venez vibrer au rythme des voix collectives, guid\u00e9 par une cheffe de ch\u0153urs de renomm\u00e9e, <strong>Aude Freyburger<\/strong>,  qui saura r\u00e9v\u00e9ler le meilleur de chacun, dans la bonne humeur et la convivialit\u00e9.<\/p>\n\n\n\n<div class=\"wp-block-media-text is-stacked-on-mobile\" style=\"grid-template-columns:26% auto\"><figure class=\"wp-block-media-text__media\"><img loading=\"lazy\" decoding=\"async\" width=\"200\" height=\"300\" src=\"https:\/\/acj-alsace.fr\/wp-content\/uploads\/2025\/09\/Couleurs-40-200x300.jpg\" alt=\"\" class=\"wp-image-1893 size-medium\" srcset=\"https:\/\/acj-alsace.fr\/wp-content\/uploads\/2025\/09\/Couleurs-40-200x300.jpg 200w, https:\/\/acj-alsace.fr\/wp-content\/uploads\/2025\/09\/Couleurs-40-683x1024.jpg 683w, https:\/\/acj-alsace.fr\/wp-content\/uploads\/2025\/09\/Couleurs-40-768x1152.jpg 768w, https:\/\/acj-alsace.fr\/wp-content\/uploads\/2025\/09\/Couleurs-40-1024x1536.jpg 1024w, https:\/\/acj-alsace.fr\/wp-content\/uploads\/2025\/09\/Couleurs-40-1365x2048.jpg 1365w, https:\/\/acj-alsace.fr\/wp-content\/uploads\/2025\/09\/Couleurs-40-333x500.jpg 333w, https:\/\/acj-alsace.fr\/wp-content\/uploads\/2025\/09\/Couleurs-40-scaled.jpg 1707w\" sizes=\"auto, (max-width: 200px) 100vw, 200px\" \/><\/figure><div class=\"wp-block-media-text__content\">\n<p>A la fois au four et au moulin, autant derri\u00e8re la baguette de chef que devant, elle d\u00e9cline le \u00ab chanter ensemble \u00bb \u00e0 toutes les saveurs. <a href=\"https:\/\/acj-alsace.fr\/index.php\/portrait-de-aude-freyburger\/\" target=\"_blank\" rel=\"noreferrer noopener\">Lire la suite &#8230;<\/a><\/p>\n<\/div><\/div>\n\n\n\n<p>Deux jours pour d\u00e9couvrir, apprendre, oser\u2026 et ressentir la magie unique du chant partag\u00e9. \ud83c\udfb6 <\/p>\n\n\n\n<h2 class=\"wp-block-heading\">Au programme<\/h2>\n\n\n\n<h3 class=\"wp-block-heading\">Samedi 11 octobre 2025<\/h3>\n\n\n\n<ul class=\"wp-block-list\">\n<li>13h30 &#8211; 14h00 : <strong>Acceuil<\/strong><\/li>\n\n\n\n<li>14h00 &#8211; 14h30 : <strong>Pr\u00e9sentation<\/strong><\/li>\n\n\n\n<li>14h30 &#8211; 18h00 : <strong>Echauffement corporel, vocal \/ Chant<\/strong><\/li>\n<\/ul>\n\n\n\n<h3 class=\"wp-block-heading\">Dimanche 12 octobre 2025<\/h3>\n\n\n\n<ul class=\"wp-block-list\">\n<li>9h00 &#8211; 9h30 : <strong>Accueil caf\u00e9<\/strong><\/li>\n\n\n\n<li>9h30 &#8211; 12h30 : <strong>Echauffement corporel, vocal \/ Chant<\/strong><\/li>\n\n\n\n<li>12h30 &#8211; 14h00 : <strong>Repas (tir\u00e9 du sac) \/ d\u00e9placement vers l&rsquo;Eglise Saint Georges<\/strong><\/li>\n\n\n\n<li>14h00 &#8211; 16h30 : <strong>Chant \/ Placement sc\u00e9nique<\/strong><\/li>\n\n\n\n<li>17h00 : <strong>Concert (en compl\u00e9ment du spectacle de l&rsquo;ensemble vocal f\u00e9minin Opus)<\/strong><\/li>\n<\/ul>\n\n\n\n<h3 class=\"wp-block-heading\">Tarifs<\/h3>\n\n\n\n<p>Adh\u00e9rents A Coeur Joie : 10 euros \/ Autres : 20 euros<\/p>\n\n\n<div class=\"wp-block-image\">\n<figure class=\"aligncenter size-full\"><a href=\"https:\/\/acj-alsace.fr\/index.php\/inscriptions\/\" target=\"_blank\" rel=\" noreferrer noopener\"><img loading=\"lazy\" decoding=\"async\" width=\"138\" height=\"67\" src=\"https:\/\/acj-alsace.fr\/wp-content\/uploads\/2025\/09\/bouton_inscription.png\" alt=\"\" class=\"wp-image-1915\"\/><\/a><\/figure>\n<\/div>\n\n\n<p><\/p>\n","protected":false},"excerpt":{"rendered":"<p>Le P\u00f4le A Coeur Joie Alsace vous propose durant un week end, de partager une activit\u00e9 de chant choral, de la r\u00e9p\u00e9tition jusqu&rsquo;au concert. Que vous soyez choriste confirm\u00e9 ou que vous n\u2019ayez jamais os\u00e9 chanter ailleurs que sous la <a class=\"more-link\" href=\"https:\/\/acj-alsace.fr\/index.php\/journees-chantantes-11-et-12-octobre-2025\/\">Continuer la lecture <span class=\"screen-reader-text\">  Journ\u00e9es Chantantes 11 et  12 octobre 2025<\/span><span class=\"meta-nav\">&rarr;<\/span><\/a><\/p>\n","protected":false},"author":1,"featured_media":0,"parent":0,"menu_order":0,"comment_status":"closed","ping_status":"closed","template":"","meta":{"_acf_changed":false,"_mc_calendar":[],"footnotes":""},"class_list":["post-1886","page","type-page","status-publish","hentry"],"acf":[],"_links":{"self":[{"href":"https:\/\/acj-alsace.fr\/index.php\/wp-json\/wp\/v2\/pages\/1886","targetHints":{"allow":["GET"]}}],"collection":[{"href":"https:\/\/acj-alsace.fr\/index.php\/wp-json\/wp\/v2\/pages"}],"about":[{"href":"https:\/\/acj-alsace.fr\/index.php\/wp-json\/wp\/v2\/types\/page"}],"author":[{"embeddable":true,"href":"https:\/\/acj-alsace.fr\/index.php\/wp-json\/wp\/v2\/users\/1"}],"replies":[{"embeddable":true,"href":"https:\/\/acj-alsace.fr\/index.php\/wp-json\/wp\/v2\/comments?post=1886"}],"version-history":[{"count":9,"href":"https:\/\/acj-alsace.fr\/index.php\/wp-json\/wp\/v2\/pages\/1886\/revisions"}],"predecessor-version":[{"id":1919,"href":"https:\/\/acj-alsace.fr\/index.php\/wp-json\/wp\/v2\/pages\/1886\/revisions\/1919"}],"wp:attachment":[{"href":"https:\/\/acj-alsace.fr\/index.php\/wp-json\/wp\/v2\/media?parent=1886"}],"curies":[{"name":"wp","href":"https:\/\/api.w.org\/{rel}","templated":true}]}}

Journées Chantantes 11 et  12 octobre 2025

<figure class="wp-block-image size-medium"><a href="https://acj-alsace.fr/wp-content/uploads/2025/09/Affiche_journees_chantantes.pdf" target="_blank" rel=" noreferrer noopener"><img loading="lazy" decoding="async" width="212" height="300" src="https://acj-alsace.fr/wp-content/uploads/2025/09/Affiche_journees_chantantes-3-212x300.jpg" alt="" class="wp-image-1892" srcset="https://acj-alsace.fr/wp-content/uploads/2025/09/Affiche_journees_chantantes-3-212x300.jpg 212w, https://acj-alsace.fr/wp-content/uploads/2025/09/Affiche_journees_chantantes-3-353x500.jpg 353w, https://acj-alsace.fr/wp-content/uploads/2025/09/Affiche_journees_chantantes-3.jpg 600w" sizes="auto, (max-width: 212px) 100vw, 212px" /></a></figure>



<p>Le Pôle A Coeur Joie Alsace vous propose durant un week end, de partager une activité de chant choral, de la répétition jusqu&rsquo;au concert.</p>



<p>Que vous soyez choriste confirmé ou que vous n’ayez<strong> </strong>jamais osé chanter ailleurs que sous la douche, ce week-end est fait pour vous !<br>Venez vibrer au rythme des voix collectives, guidé par une cheffe de chœurs de renommée, <strong>Aude Freyburger</strong>,  qui saura révéler le meilleur de chacun, dans la bonne humeur et la convivialité.</p>



<div class="wp-block-media-text is-stacked-on-mobile" style="grid-template-columns:26% auto"><figure class="wp-block-media-text__media"><img loading="lazy" decoding="async" width="200" height="300" src="https://acj-alsace.fr/wp-content/uploads/2025/09/Couleurs-40-200x300.jpg" alt="" class="wp-image-1893 size-medium" srcset="https://acj-alsace.fr/wp-content/uploads/2025/09/Couleurs-40-200x300.jpg 200w, https://acj-alsace.fr/wp-content/uploads/2025/09/Couleurs-40-683x1024.jpg 683w, https://acj-alsace.fr/wp-content/uploads/2025/09/Couleurs-40-768x1152.jpg 768w, https://acj-alsace.fr/wp-content/uploads/2025/09/Couleurs-40-1024x1536.jpg 1024w, https://acj-alsace.fr/wp-content/uploads/2025/09/Couleurs-40-1365x2048.jpg 1365w, https://acj-alsace.fr/wp-content/uploads/2025/09/Couleurs-40-333x500.jpg 333w, https://acj-alsace.fr/wp-content/uploads/2025/09/Couleurs-40-scaled.jpg 1707w" sizes="auto, (max-width: 200px) 100vw, 200px" /></figure><div class="wp-block-media-text__content">
<p>A la fois au four et au moulin, autant derrière la baguette de chef que devant, elle décline le « chanter ensemble » à toutes les saveurs. <a href="https://acj-alsace.fr/index.php/portrait-de-aude-freyburger/" target="_blank" rel="noreferrer noopener">Lire la suite &#8230;</a></p>
</div></div>



<p>Deux jours pour découvrir, apprendre, oser… et ressentir la magie unique du chant partagé. 🎶 </p>



<h2 class="wp-block-heading">Au programme</h2>



<h3 class="wp-block-heading">Samedi 11 octobre 2025</h3>



<ul class="wp-block-list">
<li>13h30 &#8211; 14h00 : <strong>Acceuil</strong></li>



<li>14h00 &#8211; 14h30 : <strong>Présentation</strong></li>



<li>14h30 &#8211; 18h00 : <strong>Echauffement corporel, vocal / Chant</strong></li>
</ul>



<h3 class="wp-block-heading">Dimanche 12 octobre 2025</h3>



<ul class="wp-block-list">
<li>9h00 &#8211; 9h30 : <strong>Accueil café</strong></li>



<li>9h30 &#8211; 12h30 : <strong>Echauffement corporel, vocal / Chant</strong></li>



<li>12h30 &#8211; 14h00 : <strong>Repas (tiré du sac) / déplacement vers l&rsquo;Eglise Saint Georges</strong></li>



<li>14h00 &#8211; 16h30 : <strong>Chant / Placement scénique</strong></li>



<li>17h00 : <strong>Concert (en complément du spectacle de l&rsquo;ensemble vocal féminin Opus)</strong></li>
</ul>



<h3 class="wp-block-heading">Tarifs</h3>



<p>Adhérents A Coeur Joie : 10 euros / Autres : 20 euros</p>


<div class="wp-block-image">
<figure class="aligncenter size-full"><a href="https://acj-alsace.fr/index.php/inscriptions/" target="_blank" rel=" noreferrer noopener"><img loading="lazy" decoding="async" width="138" height="67" src="https://acj-alsace.fr/wp-content/uploads/2025/09/bouton_inscription.png" alt="" class="wp-image-1915"/></a></figure>
</div>


<p></p>

<p>Le Pôle A Coeur Joie Alsace vous propose durant un week end, de partager une activité de chant choral, de la répétition jusqu&rsquo;au concert. Que vous soyez choriste confirmé ou que vous n’ayez jamais osé chanter ailleurs que sous la <a class="more-link" href="https://acj-alsace.fr/index.php/journees-chantantes-11-et-12-octobre-2025/">Continuer la lecture <span class="screen-reader-text">  Journées Chantantes 11 et  12 octobre 2025</span><span class="meta-nav">&rarr;</span></a></p>
